base 13) to base 15
8
What is 159 (base 10) in base 15?
a9
-255 (base 6) to base 10
-107
2 (base 4) to base 13
2
Convert -3 (base 9) to base 14.
-3
-5 (base 11) to base 10
-5
Convert 9 (base 14) to base 10.
9
What is 40 (base 5) in base 13?
17
13 (base 14) to base 7
23
Convert -2222 (base 3) to base 4.
-1100
What is 13 (base 14) in base 8?
21
Convert -2 (base 12) to base 6.
-2
Convert -1 (base 15) to base 5.
-1
What is 1 (base 3) in base 10?
1
54 (base 6) to base 11
31
What is -5 (base 16) in base 6?
-5
Convert -6 (base 11) to base 8.
-6
What is -10001111 (base 2) in base 15?
-98
0 (base 5) to base 12
0
Convert -9 (base 14) to base 9.
-10
What is 176 (base 11) in base 14?
108
Convert 112 (base 6) to base 8.
54
111 (base 7) to base 8
71
1013 (base 4) to base 11
65
10120 (base 3) to base 4
1200
43 (base 9) to base 5
124
What is 20 (base 16) in base 2?
100000
-1 (base 8) to base 5
-1
0 (base 2) to base 6
0
Convert -100 (base 10) to base 8.
-144
Convert 3 (base 13) to base 11.
3
What is 0 (base 11) in base 12?
0
Convert 100111 (base 2) to base 10.
39
19 (base 12) to base 7
30
What is -10 (base 3) in base 14?
-3
-7 (base 8) to base 4
-13
120 (base 5) to base 13
29
Convert -3 (base 15) to base 4.
-3
1 (base 7) to base 11
1
Convert 0 (base 5) to base 14.
0
-211 (base 5) to base 12
-48
Convert 0 (base 11) to base 12.
0
113 (base 5) to base 7
45
Convert -16 (base 8) to base 12.
-12
Convert -11 (base 9) to base 2.
-1010
-10000 (base 2) to base 5
-31
What is -9 (base 15) in base 16?
-9
What is -311 (base 4) in base 15?
-38
Convert -3 (base 5) to base 8.
-3
-c2 (base 16) to base 11
-167
What is 2001 (base 3) in base 14?
3d
What is 3 (base 7) in base 9?
3
What is 11210 (base 3) in base 10?
129
Convert 27 (base 12) to base 10.
31
2 (base 14) to base 11
2
4 (base 8) to base 14
4
-206 (base 12) to base 15
-149
Convert -ba (base 14) to base 5.
-1124
-12 (base 11) to base 14
-d
What is 13 (base 15) in base 6?
30
Convert -12d (base 16) to base 7.
-610
-4 (base 16) to base 11
-4
Convert 105 (base 10) to base 3.
10220
Convert 0 (base 3) to base 13.
0
-142 (base 6) to base 5
-222
What is 8 (base 9) in base 16?
8
Convert 1 (base 15) to base 14.
1
-100 (base 3) to base 2
-1001
What is 0 (base 11) in base 6?
0
What is 235 (base 9) in base 11?
167
Convert 98 (base 10) to base 6.
242
What is -9 (base 12) in base 15?
-9
Convert 164 (base 8) to base 2.
1110100
Convert -313 (base 5) to base 8.
-123
-8 (base 14) to base 3
-22
Convert 124 (base 15) to base 5.
2014
Convert 3 (base 14) to base 8.
3
Convert 23 (base 8) to base 12.
17
3 (base 11) to base 8
3
Convert -223 (base 10) to base 9.
-267
What is -11010001 (base 2) in base 8?
-321
4 (base 9) to base 5
4
What is 4 (base 16) in base 2?
100
Convert -23 (base 5) to base 2.
-1101
Convert 10 (base 5) to base 4.
11
-6 (base 7) to base 5
-11
Convert 5 (base 15) to base 14.
5
What is 13 (base 4) in base 5?
12
3e (base 16) to base 2
111110
Convert -2a (base 16) to base 15.
-2c
What is 0 (base 4) in base 15?
0
24 (base 11) to base 2
11010
12 (base 5) to base 8
7
120 (base 9) to base 13
78
Convert 5 (base 15) to base 8.
5
12 (base 10) to base 5
22
What is 34 (base 10) in base 8?
42
What is -22c (base 14) in base 13?
-273
-1121 (base 3) to base 4
-223
Convert 0 (base 3) to base 13.
0
What is 2 (base 15) in base 10?
2
What is -140 (base 10) in base 6?
-352
Convert -13 (base 15) to base 7.
-24
Convert 500 (base 6) to base 9.
220
Convert 0 (base 16) to base 10.
0
What is 1 (base 16) in base 5?
1
127 (base 10) to base 9
151
-5 (base 11) to base 10
-5
Convert 144 (base 6) to base 11.
59
Convert 40 (base 5) to base 11.
19
-4 (base 12) to base 4
-10
Convert -188 (base 14) to base 13.
-1b4
What is a (base 16) in base 14?
a
Convert -1 (base 15) to base 14.
-1
Convert 114 (base 5) to base 11.
31
What is 4 (base 13) in base 5?
4
-1 (base 14) to base 6
-1
4 (base 14) to base 6
4
-6 (base 11) to base 4
-12
Convert 12 (base 3) to base 6.
5
Convert b (base 12) to base 5.
21
4 (base 15) to base 4
10
Convert 0 (base 3) to base 11.
0
What is 2 (base 4) in base 2?
10
Convert -1100010 (base 2) to base 12.
-82
What is 21 (base 5) in base 9?
12
Convert 3 (base 4) to base 13.
3
Convert -4 (base 11) to base 9.
-4
Convert 11 (base 2) to base 8.
3
Convert 2 (base 8) to base 16.
2
Convert -221 (base 4) to base 10.
-41
-20 (base 3) to base 13
-6
What is -7 (base 12) in base 4?
-13
-1404 (base 5) to base 16
-e5
What is -2 (base 12) in base 14?
-2
Convert 3 (base 6) to base 2.
11
Convert 6 (base 13) to base 8.
6
Convert 4 (base 15) to base 6.
4
-208 (base 11) to base 3
-100021
What is 38 (base 10) in base 8?
46
What is 2 (base 9) in base 7?
2
-2 (base 13) to base 9
-2
Convert 1 (base 16) to base 4.
1
-1 (base 16) to base 12
-1
Convert 25 (base 8) to base 2.
10101
What is -17 (base 16) in base 6?
-35
What is 0 (base 5) in base 4?
0
Convert 0 (base 5) to base 2.
0
8c (base 15) to base 8
204
What is 1 (base 13) in base 11?
1
What is 124 (base 6) in base 7?
103
What is -14 (base 11) in base 4?
-33
Convert 311 (base 5) to base 13.
63
-dc (base 15) to base 6
-543
Convert -11 (base 8) to base 16.
-9
120 (base 4) to base 14
1a
What is 10021 (base 3) in base 14?
64
What is 7 (base 14) in base 16?
7
-8e (base 15) to base 9
-158
Convert -2 (base 15) to base 14.
-2
Convert 3 (base 5) to base 15.
3
3 (base 11) to base 12
3
What is 0 (base 8) in base 13?
0
What is 0 (base 10) in base 7?
0
Convert 114 (base 9) to base 3.
10111
-10 (base 4) to base 12
-4
What is 10 (base 14) in base 9?
15
-2 (base 15) to base 3
-2
-14 (base 5) to base 11
-9
What is -12 (base 7) in base 14?
-9
Convert 9 (base 16) to base 3.
100
11 (base 5) to base 8
6
Convert -116 (base 7) to base 4.
-332
Convert -26 (base 8) to base 4.
-112
-30 (base 10) to base 7
-42
-5 (base 15) to base 4
-11
Convert 5 (base 16) to base 9.
5
5c (base 15) to base 6
223
3 (base 12) to base 9
3
What is a (base 16) in base 6?
14
Convert 1120 (base 3) to base 14.
30
Convert 2 (base 12) to base 2.
10
What is -a (base 14) in base 2?
-1010
-21210 (base 3) to base 13
-132
-24 (base 11) to base 15
-1b
Convert 7 (base 11) to base 15.
7
What is -55 (base 7) in base 3?
-1111
Convert -2 (base 3) to base 12.
-2
-7 (base 9) to base 6
-11
What is -106 (base 9) in base 13?
-69
What is 4 (base 16) in base 9?
4
Convert -24 (base 13) to base 5.
-110
-a (base 15) to base 5
-20
Convert 38 (base 12) to base 14.
32
1 (base 16) to base 3
1
10000 (base 3) to base 4
1101
Convert 3 (base 13) to base 5.
3
-1 (base 10) to base 9
-1
-115 (base 6) to base 4
-233
10 (base 13) to base 11
12
What is -e (base 16) in base 4?
-32
10000 (base 2) to base 7
22
38 (base 15) to base 10
53
Convert -234 (base 7) to base 15.
-83
Convert -30 (base 5) to base 14.
-11
What is -9 (base 16) in base 5?
-14
Convert -23 (base 14) to base 8.
-37
f (base 16) to base 10
15
-11122 (base 3) to base 2
-1111101
What is -2120 (base 4) in base 12?
-108
10 (base 2) to base 11
2
What is -7 (base 14) in base 3?
-21
Convert -11a (base 13) to base 4.
-3000
What is 57 (base 13) in base 9?
80
-42 (base 10) to base 12
-36
Convert -35 (base 8) to base 10.
-29
-10 (base 4) to base 11
-4
-1 (base 6) to base 4
-1
Convert -1d (base 16) to base 7.
-41
Convert -2 (base 4) to base 7.
-2
Convert -1a (base 12) to base 4.
-112
What is 3 (base 4) in base 14?
3
Convert -3 (base 5) to base 3.
-10
-53 (base 15) to base 12
-66
What is -7 (base 11) in base 5?
-12
Convert 48 (base 10) to base 6.
120
Convert -1221 (base 5) to base 15.
-c6
What is -4 (base 12) in base 5?
-4
What is 13 (base 4) in base 14?
7
What is -1032 (base 4) in base 2?
-1001110
What is 1 (base 2) in base 6?
1
What is 2 (base 14) in base 6?
2
Convert -9 (base 16) to base 6.
-13
Convert -82 (base 13) to base 3.
-10221
What is -d (base 16) in base 15?
-d
-101 (base 2) to base 11
-5
27 (base 14) to base 9
38
156 (base 11) to base 4
2312
Convert -1 (base 4) to base 12.
-1
46 (base 7) to base 15
24
What is 31 (base 4) in base 11?
12
What is -c0 (base 14) in base 8?
-250
-1 (base 12) to base 7
-1
Convert e (base 16) to base 14.
10
Convert -4 (base 7) to base 11.
-4
41 (base 6) to base 2
11001
Convert 1001010 (base 2) to base 10.
74
51 (base 11) to base 8
70
Convert 2 (base 11) to base 5.
2
What is 2130 (base 4) in base 15?
a6
Convert 3 (base 5) to